{"id":459,"date":"2021-04-02T09:50:55","date_gmt":"2021-04-02T09:50:55","guid":{"rendered":"https:\/\/controlconsul.com\/web\/?page_id=459"},"modified":"2021-04-02T10:07:18","modified_gmt":"2021-04-02T10:07:18","slug":"metodos-e-tempos","status":"publish","type":"page","link":"https:\/\/controlconsul.com\/web\/metodos-e-tempos\/","title":{"rendered":"M\u00c9TODOS E TEMPOS"},"content":{"rendered":"\t\t<div data-elementor-type=\"wp-page\" data-elementor-id=\"459\" class=\"elementor elementor-459\" data-elementor-settings=\"[]\">\n\t\t\t\t\t\t<div class=\"elementor-inner\">\n\t\t\t\t\t\t\t<div class=\"elementor-section-wrap\">\n\t\t\t\t\t\t\t<section class=\"elementor-section elementor-top-section elementor-element elementor-element-7e5a549 elementor-section-boxed elementor-section-height-default elementor-section-height-default\" data-id=\"7e5a549\" data-element_type=\"section\">\n\t\t\t\t\t\t\t<div class=\"elementor-background-overlay\"><\/div>\n\t\t\t\t\t\t\t<div class=\"elementor-container elementor-column-gap-no\">\n\t\t\t\t\t\t\t<div class=\"elementor-row\">\n\t\t\t\t\t<div class=\"aux-parallax-section elementor-column elementor-col-100 elementor-top-column elementor-element elementor-element-d20a053\" data-id=\"d20a053\" data-element_type=\"column\">\n\t\t\t<div class=\"elementor-column-wrap elementor-element-populated\">\n\t\t\t\t\t\t\t<div class=\"elementor-widget-wrap\">\n\t\t\t\t\t\t<section class=\"elementor-section elementor-inner-section elementor-element elementor-element-e3d033a elementor-section-boxed elementor-section-height-default elementor-section-height-default\" data-id=\"e3d033a\" data-element_type=\"section\">\n\t\t\t\t\t\t<div class=\"elementor-container elementor-column-gap-default\">\n\t\t\t\t\t\t\t<div class=\"elementor-row\">\n\t\t\t\t\t<div class=\"aux-parallax-section elementor-column elementor-col-50 elementor-inner-column elementor-element elementor-element-15e9f19\" data-id=\"15e9f19\" data-element_type=\"column\">\n\t\t\t<div class=\"elementor-column-wrap elementor-element-populated\">\n\t\t\t\t\t\t\t<div class=\"elementor-widget-wrap\">\n\t\t\t\t\t\t<div class=\"elementor-element elementor-element-71f2cce elementor-widget elementor-widget-aux_modern_heading\" data-id=\"71f2cce\" data-element_type=\"widget\" data-widget_type=\"aux_modern_heading.default\">\n\t\t\t\t<div class=\"elementor-widget-container\">\n\t\t\t<section class=\"aux-widget-modern-heading\">\n            <div class=\"aux-widget-inner\"><h2 class=\"aux-modern-heading-primary\">SERVI\u00c7OS DE ENGENHARIA DE M\u00c9TODOS E TEMPOS<\/h2><div class=\"aux-modern-heading-divider\"><\/div><div class=\"aux-modern-heading-description\"><p>O Desenvolvimento de Produto \u00e9 uma fase critica para o sucesso do ciclo de venda. O c\u00e1lculo preciso dos custos e valor do produto tem se tornado cada vez mais importante. Tradicionalmente, tem sido aceit\u00e1vel calcular os custos do material, dos aviamentos e acess\u00f3rios, \u2026 e depois... adivinhar o conte\u00fado do trabalho!!!<br \/>Nos dias competitivos de hoje, este processo de \u201cestimar\u201d o trabalho n\u00e3o pode ser pr\u00e1tica comum nas empresas que pretendem manter-se competitivas. \u00c9 verdade que o custo do trabalho raramente \u00e9 o maior elemento de custo do produto, mas... saber quanto tempo demora a produzir um produto n\u00e3o se trata apenas de saber custos... Efici\u00eancia, produtividade, capacidade de produ\u00e7\u00e3o e prazos de entrega, todos assentam em determina\u00e7\u00f5es correctas dos tempos de produ\u00e7\u00e3o dos produtos.<\/p><p>A CONTROLCONSUL disponibiliza ao sector de retalho e aos pequenos produtores, que talvez n\u00e3o tenham (ou julguem n\u00e3o ter) as infra-estruturas necess\u00e1rias para implementar as nossas solu\u00e7\u00f5es de controlo QuicKTruCost e GSD, fornecendo-lhes rapidamente os Tempos Padr\u00e3o totais e por opera\u00e7\u00e3o individual de produ\u00e7\u00e3o de qualquer produto.<\/p><p>Uma equipa especializada analisar\u00e1 os tempos de produ\u00e7\u00e3o das suas opera\u00e7\u00f5es, podendo tamb\u00e9m ser efectuada uma optimiza\u00e7\u00e3o dos m\u00e9todos de trabalho, fornecendo-lhe os tempos e custos correctos em termos de conte\u00fado de trabalho. <br \/>Ficar\u00e1 surpreendido com o que poder\u00e1 conseguir!!!<\/p><p>Se entender que a sua estrutura ainda n\u00e3o est\u00e1 preparada para implementar as nossas solu\u00e7\u00f5es de controlo, poder\u00e1 beneficiar da sua aplica\u00e7\u00e3o atrav\u00e9s deste servi\u00e7o e comprovar o seu real efeito em termos de produtividade, podendo mais tarde evoluir para a sua aquisi\u00e7\u00e3o em condi\u00e7\u00f5es vantajosas.<\/p><p>\"O M\u00e9todo \u00e9 a Chave. O Tempo \u00e9 apenas uma consequ\u00eancia do M\u00e9todo\u201d.<\/p><\/div><\/div>\n        <\/section>\t\t<\/div>\n\t\t\t\t<\/div>\n\t\t\t\t\t\t<\/div>\n\t\t\t\t\t<\/div>\n\t\t<\/div>\n\t\t\t\t<div class=\"aux-parallax-section elementor-column elementor-col-50 elementor-inner-column elementor-element elementor-element-494b29e\" data-id=\"494b29e\" data-element_type=\"column\">\n\t\t\t<div class=\"elementor-column-wrap elementor-element-populated\">\n\t\t\t\t\t\t\t<div class=\"elementor-widget-wrap\">\n\t\t\t\t\t\t<div class=\"elementor-element elementor-element-22ee5f5 elementor-widget elementor-widget-aux_image\" data-id=\"22ee5f5\" data-element_type=\"widget\" data-widget_type=\"aux_image.default\">\n\t\t\t\t<div class=\"elementor-widget-container\">\n\t\t\t<section class=\"widget-container aux-widget-image aux-alignnone aux-parent-aue8c0c4dd\" style=\"\" >\n    <div class=\"aux-media-hint-frame \">\n        <div class=\"aux-media-image \" >\n        \n            \n\n            \n            <img loading=\"lazy\" width=\"1024\" height=\"1024\" src=\"https:\/\/controlconsul.com\/web\/wp-content\/uploads\/2021\/04\/daria-nepriakhina-zoCDWPuiRuA-unsplash-1024x1024.jpg\" class=\"aux-attachment aux-featured-image aux-attachment-id-462\" alt=\"daria-nepriakhina-zoCDWPuiRuA-unsplash\" srcset=\"https:\/\/controlconsul.com\/web\/wp-content\/uploads\/2021\/04\/daria-nepriakhina-zoCDWPuiRuA-unsplash-150x150.jpg 150w,https:\/\/controlconsul.com\/web\/wp-content\/uploads\/2021\/04\/daria-nepriakhina-zoCDWPuiRuA-unsplash-300x300.jpg 300w,https:\/\/controlconsul.com\/web\/wp-content\/uploads\/2021\/04\/daria-nepriakhina-zoCDWPuiRuA-unsplash-768x768.jpg 768w,https:\/\/controlconsul.com\/web\/wp-content\/uploads\/2021\/04\/daria-nepriakhina-zoCDWPuiRuA-unsplash-1024x1024.jpg 1024w,https:\/\/controlconsul.com\/web\/wp-content\/uploads\/2021\/04\/daria-nepriakhina-zoCDWPuiRuA-unsplash-1024x1024.jpg 1024w\" data-ratio=\"1\" data-original-w=\"2560\" sizes=\"(max-width:479px) 480px,(max-width:767px) 768px,(max-width:1023px) 1024px,1024px\" \/>            \n                <\/div>\n    <\/div>\n\n<\/section><!-- widget-container -->\t\t<\/div>\n\t\t\t\t<\/div>\n\t\t\t\t\t\t<\/div>\n\t\t\t\t\t<\/div>\n\t\t<\/div>\n\t\t\t\t\t\t\t\t<\/div>\n\t\t\t\t\t<\/div>\n\t\t<\/section>\n\t\t\t\t\t\t<\/div>\n\t\t\t\t\t<\/div>\n\t\t<\/div>\n\t\t\t\t\t\t\t\t<\/div>\n\t\t\t\t\t<\/div>\n\t\t<\/section>\n\t\t\t\t\t\t<\/div>\n\t\t\t\t\t\t<\/div>\n\t\t\t\t\t<\/div>\n\t\t","protected":false},"excerpt":{"rendered":"<p>SERVI\u00c7OS DE ENGENHARIA DE M\u00c9TODOS E TEMPOS O Desenvolvimento de Produto \u00e9 uma fase critica para o sucesso do ciclo de venda. O c\u00e1lculo preciso dos custos e valor do produto tem se tornado cada vez mais importante. Tradicionalmente, tem sido aceit\u00e1vel calcular os custos do material, dos aviamentos e acess\u00f3rios, \u2026 e depois&#8230; adivinhar [&hellip;]<\/p>\n","protected":false},"author":1,"featured_media":0,"parent":0,"menu_order":0,"comment_status":"closed","ping_status":"closed","template":"templates\/page-builder-content.php","meta":[],"_links":{"self":[{"href":"https:\/\/controlconsul.com\/web\/wp-json\/wp\/v2\/pages\/459"}],"collection":[{"href":"https:\/\/controlconsul.com\/web\/wp-json\/wp\/v2\/pages"}],"about":[{"href":"https:\/\/controlconsul.com\/web\/wp-json\/wp\/v2\/types\/page"}],"author":[{"embeddable":true,"href":"https:\/\/controlconsul.com\/web\/wp-json\/wp\/v2\/users\/1"}],"replies":[{"embeddable":true,"href":"https:\/\/controlconsul.com\/web\/wp-json\/wp\/v2\/comments?post=459"}],"version-history":[{"count":4,"href":"https:\/\/controlconsul.com\/web\/wp-json\/wp\/v2\/pages\/459\/revisions"}],"predecessor-version":[{"id":465,"href":"https:\/\/controlconsul.com\/web\/wp-json\/wp\/v2\/pages\/459\/revisions\/465"}],"wp:attachment":[{"href":"https:\/\/controlconsul.com\/web\/wp-json\/wp\/v2\/media?parent=459"}],"curies":[{"name":"wp","href":"https:\/\/api.w.org\/{rel}","templated":true}]}}